, 13, 19
What are the prime factors of (-481720)/(-28) - (-170)/(-595)?
2, 11, 17, 23
Let p(l) = -672*l - 964. What are the prime factors of p(-30)?
2, 4799
Let d(h) = h**2 + 2*h - 16. Let q be d(9). Suppose r + y = 40, 3*r = 5*r + y - q. Let u = r - 23. List the prime factors of u.
2, 5
Suppose 14*u = 464 + 698. Let k = u + 105. What are the prime factors of k?
2, 47
Let h(c) = -481*c + 7. Let u be 0 + (-5)/((-20)/(-4)). What are the prime factors of h(u)?
2, 61
Let p = 13437 - -2208. What are the prime factors of p?
3, 5, 7, 149
Suppose -905553 = -14*h - 53331. What are the prime factors of h?
3, 103, 197
Let c = 65 + 45. Let t = 102 - c. What are the prime factors of (2 - 6/t)*28?
7, 11
Suppose -35*g + 30*g + 35185 = 5*k, 0 = g - k - 7037. What are the prime factors of g?
31, 227
Let m(g) = g**2 - 2*g - 27. Suppose -y = -2*j - 62, 4*y = -5*j + 293 - 45. Let f = y - 67. List the prime factors of m(f).
2
Let v(b) = 3189*b**2 + 51*b - 109. List the prime factors of v(4).
17, 31, 97
Let f(l) = 30*l**2 + 6*l - 5. Let q be f(1). Let u(v) = 2*v - 58. Let a be u(q). Suppose -a*t - 38 = -3*h + 758, 1 = -t. List the prime factors of h.
2, 3, 11
Let b be (3/(-9))/((-7)/42). Let x be (-2)/(b - 4)*34. What are the prime factors of (9/6)/(1/x)?
3, 17
Let v be 12/10 + (-7634)/(-5). Suppose -v = -6*g + 2240. List the prime factors of g.
2, 157
Suppose 0 = -2*j - 81*y + 84*y + 19319, -9672 = -j + 4*y. What are the prime factors of j?
2, 19, 127
Let y(v) = 5*v**2 - 2*v + 6. Let a be y(3). Suppose -5*k = -5*x - a, 0 = -3*x + 4*x + 3*k + 5. What are the prime factors of (-175)/(-2) + (-12)/x?
89
Suppose 37*q + 354844 = 95*q. What are the prime factors of q?
2, 7, 19, 23
Suppose 2 = -3*p + 2*x, -5*p + 0*x = 3*x + 16. List the prime factors of (p/(-10))/((-1)/5)*-289.
17
Suppose 2*k - 6 = 4*k, 5*w = -2*k - 21. Let f be (w - 25/(-10))/((-1)/48). What are the prime factors of 8/f + 4*19/6?
13
Let v(u) = 562*u + 63. What are the prime factors of v(57)?
3, 13, 823
Let p = -686 - -1407. Suppose p = -14*f + 1757. List the prime factors of f.
2, 37
Suppose -2*o + 17818 = 5*d, 34*d + 2*o = 36*d - 7116. What are the prime factors of d?
2, 13, 137
Let r(l) = -4159*l**3 + 3*l**2 - 9*l + 8. Let c be r(1). Let v = c + 5932. List the prime factors of v.
5, 71
Let v(k) = 2 + 56*k - 3*k**2 - 56*k + 369*k**3. Let f be v(1). Suppose -4*s + f = 5*t, 443 = 5*s - 0*t + 2*t. List the prime factors of s.
3, 29
Let t be 9/(-21) - (-3474)/21. Suppose -38 - 28 = 2*f. Let g = t + f. List the prime factors of g.
2, 3, 11
Suppose 4*x - 3348 = z, z = -5*x - 4*z + 4160. Suppose -2*f + f = -x. List the prime factors of f.
2, 11, 19
Let m(u) be the first derivative of -u**6/360 + 13*u**5/120 + 2*u**3 - 7. Let d(k) be the third derivative of m(k). What are the prime factors of d(11)?
2, 11
Let o(x) = -5*x**2 - 30*x - 18. Let q be o(-9). What are the prime factors of (13 - q)/((-2)/(-8))?
2, 83
Let q be 15/13 - ((-603)/(-117) - 5). Let l(a) = 310*a + 1. List the prime factors of l(q).
311
Suppose 8 = 4*m, 331 = l - 2*m - 2*m. Suppose 5*f = -5*j + 1595, j = f + 3*f + l. Suppose j + 307 = 9*h. What are the prime factors of h?
2, 5, 7
Let p = -494 + 507. Let o be (6 + -1)*(-1 - -51). Suppose 14*i - p*i = o. What are the prime factors of i?
2, 5
Let s(d) = -335*d + 244. List the prime factors of s(-15).
11, 479
Let x(l) = -7*l**2 + l - 14. Let j be x(-9). Let z = -104 - j. What are the prime factors of z?
2, 3
Let u be (5/(-3))/((-25)/30). Suppose 0 = 4*g + u*b + 16, 0*b = -3*g + 4*b - 1. Let q(a) = 24*a**2 + 6*a - 2. List the prime factors of q(g).
2, 7
Let x(w) = 7*w - 6. Let l be x(3). Suppose 2*t + l = -17. Let d(m) = m**3 + 17*m**2 + 12*m - 1. What are the prime factors of d(t)?
3, 7
Suppose 0*m = -2*r - m - 204925, r + 4*m = -102480. List the prime factors of r/(-423) + 4/(-18).
2, 11
Let m be (0 + 1)/(-2)*8. Let k be (-1)/m + 77/28 + -1. Suppose -k*y + r + 160 = 0, 3*r = 3*y + 5*r - 226. What are the prime factors of y?
2, 3, 13
Suppose -46*i + 9 = -45*i. What are the prime factors of 1/i + 13697/9?
2, 761
Let t be ((-10)/(-1))/(2/(-1370)). List the prime factors of t/(-14) - (1 - 10/14).
3, 163
Suppose 22*z = 8*z + 14. What are the prime factors of ((-253)/(-22))/(z/114)?
3, 19, 23
Suppose 138592 - 29742 = 25*z. List the prime factors of z.
2, 7, 311
Let h(z) = 451*z - 21056. List the prime factors of h(128).
2, 3, 191
Let c(m) = m**3 + 17*m**2 + 33*m + 42. Let i be c(-13). Suppose -292*h = -i*h - 1842. List the prime factors of h.
2, 307
Let m be 1/(6/(-1)) + (-2)/(-12). Suppose 2*i - 804 + 82 = m. List the prime factors of i.
19
Suppose -89 - 65 = -2*t. Let z = t + -74. Suppose -4*u = -z*w + 106, 4*u + 3 + 1 = 0. What are the prime factors of w?
2, 17
Suppose 96*c - 525949 - 1938371 = 0. List the prime factors of c.
2, 5, 17, 151
Let w = 11423 + -6820. List the prime factors of w.
4603
Let r = 249 + 68. Suppose -2*z - 4*j = -3*z - 167, -5*z = 2*j + 923. Let a = r + z. List the prime factors of a.
2, 67
Let u be (-16)/(-6) - (-4)/(-6) - -2. Suppose 3*g - 332 = -u*b, 3*b = -3*g + 7*g + 274. List the prime factors of b.
2, 43
Suppose 63 = 2*s + 4*n - 13, 2*s + n - 70 = 0. Suppose -2*c - 28 + s = 0. Suppose 9 + 0 = c*f. What are the prime factors of f?
3
Suppose -326*n - 27 = -327*n. Let p(v) = -v + 13. Let k be p(11). Suppose n + 309 = k*r. What are the prime factors of r?
2, 3, 7
Suppose -8 = -l - r, -l + 6 = -r - 6. Let h be 1*-3 + 2 + 10 + l. Suppose -1442 = -h*o + 610. What are the prime factors of o?
2, 3
Let g = -230 + 230. Suppose g = 21*t - t - 4200. What are the prime factors of t?
2, 3, 5, 7
Let o = 376 + -376. List the prime factors of -6 + (o - (-5 - -2)) + 1662.
3, 7, 79
Let g = -26 - -32. Suppose 0 = 2*h - g*h + 84. Let u = 5 + h. What are the prime factors of u?
2, 13
Let f(n) be the first derivative of -n**4/4 - 2*n**3/3 + n**2 - 3*n - 25. Let r(p) = -p - 10. Let o be r(-6). What are the prime factors of f(o)?
3, 7
Let d(y) = -2*y**3 + 16*y**2 - 18*y + 31. Let k be d(7). Suppose 0 = i + 3*b - 236 - 606, k*i = -2*b + 2491. What are the prime factors of i?
827
Let f(v) = -39893*v**3 - 12*v**2 - 10*v + 5. What are the prime factors of f(-1)?
2, 4987
Let b(d) = 2*d**2 + 38*d + 80. Let q be b(-26). Let a = q + 384. List the prime factors of a.
2, 3, 23
Let f(d) = -d**3 + 10*d**2 - 17*d + 8. Let o be f(8). Suppose 4*g = p - 20, 0 = -o*g - g + p - 8. List the prime factors of (1/2)/((-4341)/1086 - g).
181
Suppose -48878 = -24*v + 255562. What are the prime factors of v?
5, 43, 59
Let x = -212 - -93. Let u = x + 118. What are the prime factors of 158 + (u + -1)*(-20)/20?
2, 5
What are the prime factors of 1751 + ((-30)/6 - 1)?
5, 349
Suppose 0 = 8*c - 32*c + 116432 + 263104. What are the prime factors of c?
2, 7907
Let z(h) = -h - 7. Let p be z(-10). Suppose -4 = 5*y - p*y + v, 0 = y - 3*v - 12. Suppose 38 = 5*l + 4*f - y*f, 2*l = -2*f + 14. List the prime factors of l.
2, 5
Let x = 3155 - -2706. What are the prime factors of x?
5861
What are the prime factors of 2925567/81 - (53/(-9) + 7)?
3, 4013
Let s be 3/6*10/(-5). What are the prime factors of (1 + 1)/((-18)/(-531)) - s?
2, 3, 5
Suppose l + 5*j = -3025 + 17610, 5*l = 2*j + 72736. What are the prime factors of l?
2, 3, 5, 97
Let y(p) = p**3 - 7*p**2 + 10*p + 3. Let g be y(5). Suppose 42 = 4*w + g*w. Suppose -w*z = -194 - 34. What are the prime factors of z?
2, 19
Let q be 0/((1 - 2)/((-2)/4)). What are the prime factors of 504*(q - (2 + -3))?
2, 3, 7
Suppose 0 = -c + 4*g, 19 = 4*c - 0*g + 3*g. Suppose -c = -3*z - z - 2*b, 4*z = -3*b. Suppose z*x = 12, -104 = -4*p - x + 3*x. List the prime factors of p.
2, 7
Let g(k) = 2*k - 15. Let h be g(11). Let m be 8/(-14)*(-203)/58. What are the prime factors of m/h - (2 + 4047/(-21))?
191
Let v be 2/(-10) + (-432)/(-135). Let k be 13*v*(-60)/(-45). Suppose -4*s = -16, -2*g + 3*g = -4*s + k. What are the prime factors of g?
2, 3
Let r(y) = -5*y**2 - 368*y - 67. What are the prime factors of r(-51)?
2, 89
Let d = -76 - -78. Suppose 4*r + 16 = 0, d*q + q + 3*r = 129. List the prime factors of q.
47
Let y(o) = 8*o**2 - 140*o + 15. What are the prime factors of y(38)?
6247
Let a(q) = -5*q**3 - 75*q**2 + 12*q - 43. List the prime factors of a(-21).
5, 13, 199
Let m(q) be the third derivative 